{"id":1335,"date":"2023-09-22T10:10:57","date_gmt":"2023-09-22T10:10:57","guid":{"rendered":"https:\/\/gramentheme.com\/wp\/foresty\/?page_id=1335"},"modified":"2025-06-11T19:41:11","modified_gmt":"2025-06-11T19:41:11","slug":"servicos-2","status":"publish","type":"page","link":"https:\/\/projeto85.doi2versos.com.br\/index.php\/servicos-2\/","title":{"rendered":"Servi\u00e7os"},"content":{"rendered":"\t\t<div data-elementor-type=\"wp-page\" data-elementor-id=\"1335\" class=\"elementor elementor-1335\" data-elementor-post-type=\"page\">\n\t\t\t\t<div class=\"elementor-element elementor-element-0a7a084 e-flex e-con-boxed e-con e-parent\" data-id=\"0a7a084\" data-element_type=\"container\">\n\t\t\t\t\t<div class=\"e-con-inner\">\n\t\t<div class=\"elementor-element elementor-element-c8a5c61 e-con-full e-flex e-con e-child\" data-id=\"c8a5c61\" data-element_type=\"container\">\n\t\t\t\t<div class=\"elementor-element elementor-element-fc49f64 elementor-widget elementor-widget-image\" data-id=\"fc49f64\" data-element_type=\"widget\" data-widget_type=\"image.default\">\n\t\t\t\t<div class=\"elementor-widget-container\">\n\t\t\t\t\t\t\t\t\t\t\t\t\t\t\t<img decoding=\"async\" src=\"https:\/\/projeto85.doi2versos.com.br\/wp-content\/uploads\/elementor\/thumbs\/1-4-r75yu5exhfctgeimnprcs7hy0rdtzebksjhlohe6zy.png\" title=\"1\" alt=\"1\" loading=\"lazy\" \/>\t\t\t\t\t\t\t\t\t\t\t\t\t\t\t<\/div>\n\t\t\t\t<\/div>\n\t\t\t\t<div class=\"elementor-element elementor-element-8547c8f elementor-widget elementor-widget-heading\" data-id=\"8547c8f\" data-element_type=\"widget\" data-widget_type=\"heading.default\">\n\t\t\t\t<div class=\"elementor-widget-container\">\n\t\t\t\t\t<h4 class=\"elementor-heading-title elementor-size-default\">Educa\u00e7\u00e3o Ambiental<\/h4>\t\t\t\t<\/div>\n\t\t\t\t<\/div>\n\t\t\t\t<div class=\"elementor-element elementor-element-aa24b59 elementor-widget elementor-widget-text-editor\" data-id=\"aa24b59\" data-element_type=\"widget\" data-widget_type=\"text-editor.default\">\n\t\t\t\t<div class=\"elementor-widget-container\">\n\t\t\t\t\t\t\t\t\t<p>O programa de Educa\u00e7\u00e3o Ambiental do Instituto Sempre Alerta oferece uma imers\u00e3o no universo da natureza, proporcionando experi\u00eancias pr\u00e1ticas e educativas em diversos ecossistemas. Nossas atividades incluem trilhas interpretativas em \u00e1reas de mata atl\u00e2ntica e manguezais, onde os participantes aprendem sobre a flora, a fauna e a import\u00e2ncia da conserva\u00e7\u00e3o desses ambientes. Realizamos tamb\u00e9m passeios de canoa, que permitem a observa\u00e7\u00e3o da vida aqu\u00e1tica e a compreens\u00e3o dos processos ecol\u00f3gicos. Al\u00e9m disso, promovemos a\u00e7\u00f5es de reflorestamento e plantio de mudas nativas, contribuindo para a recupera\u00e7\u00e3o de \u00e1reas degradadas e o fortalecimento da consci\u00eancia ambiental. As atividades s\u00e3o adaptadas para diferentes faixas et\u00e1rias, utilizando metodologias l\u00fadicas e interativas, com o objetivo de sensibilizar, conscientizar e formar cidad\u00e3os mais respons\u00e1veis com o planeta. Buscamos conectar os participantes com a natureza, despertando o interesse pela sua preserva\u00e7\u00e3o e incentivando a ado\u00e7\u00e3o de pr\u00e1ticas sustent\u00e1veis no dia a dia.<\/p>\t\t\t\t\t\t\t\t<\/div>\n\t\t\t\t<\/div>\n\t\t\t\t<div class=\"elementor-element elementor-element-9111c10 elementor-widget elementor-widget-image\" data-id=\"9111c10\" data-element_type=\"widget\" data-widget_type=\"image.default\">\n\t\t\t\t<div class=\"elementor-widget-container\">\n\t\t\t\t\t\t\t\t\t\t\t\t\t\t\t<img decoding=\"async\" src=\"https:\/\/projeto85.doi2versos.com.br\/wp-content\/uploads\/elementor\/thumbs\/2-3-r75yubzst9ltpo92lalqrnu66gheha1p5g201f4fse.png\" title=\"2\" alt=\"2\" loading=\"lazy\" \/>\t\t\t\t\t\t\t\t\t\t\t\t\t\t\t<\/div>\n\t\t\t\t<\/div>\n\t\t\t\t<div class=\"elementor-element elementor-element-dcdf0ee elementor-widget elementor-widget-heading\" data-id=\"dcdf0ee\" data-element_type=\"widget\" data-widget_type=\"heading.default\">\n\t\t\t\t<div class=\"elementor-widget-container\">\n\t\t\t\t\t<h2 class=\"elementor-heading-title elementor-size-default\">Acompanhamento Psicol\u00f3gico Gratuito<\/h2>\t\t\t\t<\/div>\n\t\t\t\t<\/div>\n\t\t\t\t<div class=\"elementor-element elementor-element-d214a9f elementor-widget elementor-widget-text-editor\" data-id=\"d214a9f\" data-element_type=\"widget\" data-widget_type=\"text-editor.default\">\n\t\t\t\t<div class=\"elementor-widget-container\">\n\t\t\t\t\t\t\t\t\t<p>O Instituto Sempre Alerta prioriza o bem-estar emocional de seus membros e familiares, oferecendo acompanhamento psicol\u00f3gico gratuito. Este servi\u00e7o visa promover a sa\u00fade mental, o autoconhecimento e o desenvolvimento integral, proporcionando um espa\u00e7o seguro e acolhedor para o di\u00e1logo e o crescimento pessoal. Os 4 primeiros atendimentos s\u00e3o obrigat\u00f3rios, o que garante um contato inicial com um profissional qualificado e a oportunidade de uma avalia\u00e7\u00e3o individualizada. Nossos psic\u00f3logos utilizam diferentes abordagens terap\u00eauticas, adaptadas \u00e0s necessidades de cada indiv\u00edduo ou fam\u00edlia. O acompanhamento pode abordar quest\u00f5es como ansiedade, depress\u00e3o, dificuldades de relacionamento, problemas de autoestima, entre outras. Acreditamos que o suporte psicol\u00f3gico \u00e9 fundamental para o desenvolvimento pleno do ser humano e para a constru\u00e7\u00e3o de rela\u00e7\u00f5es mais saud\u00e1veis e harmoniosas. O servi\u00e7o \u00e9 oferecido com total confidencialidade e respeito \u00e0 individualidade de cada um.<\/p>\t\t\t\t\t\t\t\t<\/div>\n\t\t\t\t<\/div>\n\t\t\t\t<div class=\"elementor-element elementor-element-7a5ebe0 elementor-widget elementor-widget-image\" data-id=\"7a5ebe0\" data-element_type=\"widget\" data-widget_type=\"image.default\">\n\t\t\t\t<div class=\"elementor-widget-container\">\n\t\t\t\t\t\t\t\t\t\t\t\t\t\t\t<img decoding=\"async\" src=\"https:\/\/projeto85.doi2versos.com.br\/wp-content\/uploads\/elementor\/thumbs\/3-1-r75yuiko53utyxziivg4r46ec5kyz5rticmeecuoku.png\" title=\"3\" alt=\"3\" loading=\"lazy\" \/>\t\t\t\t\t\t\t\t\t\t\t\t\t\t\t<\/div>\n\t\t\t\t<\/div>\n\t\t\t\t<div class=\"elementor-element elementor-element-d3f3239 elementor-widget elementor-widget-heading\" data-id=\"d3f3239\" data-element_type=\"widget\" data-widget_type=\"heading.default\">\n\t\t\t\t<div class=\"elementor-widget-container\">\n\t\t\t\t\t<h2 class=\"elementor-heading-title elementor-size-default\">Forma\u00e7\u00e3o de Lideran\u00e7a<\/h2>\t\t\t\t<\/div>\n\t\t\t\t<\/div>\n\t\t\t\t<div class=\"elementor-element elementor-element-30dcf54 elementor-widget elementor-widget-text-editor\" data-id=\"30dcf54\" data-element_type=\"widget\" data-widget_type=\"text-editor.default\">\n\t\t\t\t<div class=\"elementor-widget-container\">\n\t\t\t\t\t\t\t\t\t<p>Inspirado na metodologia escoteira, o programa de Forma\u00e7\u00e3o de Lideran\u00e7a do Instituto Sempre Alerta desenvolve habilidades essenciais para a vida pessoal e profissional. Atrav\u00e9s de atividades pr\u00e1ticas, jogos cooperativos, desafios em equipe e projetos comunit\u00e1rios, os participantes aprendem a liderar a si mesmos e a influenciar positivamente seus grupos. O programa aborda temas como comunica\u00e7\u00e3o eficaz, tomada de decis\u00f5es, resolu\u00e7\u00e3o de problemas, planejamento estrat\u00e9gico, trabalho em equipe, gest\u00e3o de tempo e desenvolvimento da autoconfian\u00e7a. Os participantes s\u00e3o estimulados a assumir responsabilidades, a trabalhar em colabora\u00e7\u00e3o, a superar desafios e a desenvolver um senso de lideran\u00e7a \u00e9tica e comprometida com a sociedade. O objetivo \u00e9 formar l\u00edderes transformadores, capazes de impactar positivamente suas comunidades e o mundo.Lorem ipsum dolor sit amet, consectetur adipiscing elit. Ut elit tellus, luctus nec ullamcorper mattis, pulvinar dapibus leo.<\/p>\t\t\t\t\t\t\t\t<\/div>\n\t\t\t\t<\/div>\n\t\t\t\t<\/div>\n\t\t<div class=\"elementor-element elementor-element-054b458 e-con-full e-flex e-con e-child\" data-id=\"054b458\" data-element_type=\"container\">\n\t\t\t\t<div class=\"elementor-element elementor-element-6169786 elementor-widget elementor-widget-sidebar\" data-id=\"6169786\" data-element_type=\"widget\" data-widget_type=\"sidebar.default\">\n\t\t\t\t<div class=\"elementor-widget-container\">\n\t\t\t\t\t<div id=\"block-2\" class=\"widget widget_block widget_search\"><form role=\"search\" method=\"get\" action=\"https:\/\/projeto85.doi2versos.com.br\/\" class=\"wp-block-search__button-outside wp-block-search__text-button wp-block-search\"    ><label class=\"wp-block-search__label\" for=\"wp-block-search__input-1\" >Pesquisar<\/label><div class=\"wp-block-search__inside-wrapper\" ><input class=\"wp-block-search__input\" id=\"wp-block-search__input-1\" placeholder=\"\" value=\"\" type=\"search\" name=\"s\" required \/><button aria-label=\"Pesquisar\" class=\"wp-block-search__button wp-element-button\" type=\"submit\" >Pesquisar<\/button><\/div><\/form><\/div><div id=\"block-6\" class=\"widget widget_block\">\n<div class=\"wp-block-group\"><div class=\"wp-block-group__inner-container is-layout-flow wp-block-group-is-layout-flow\"><\/div><\/div>\n<\/div><div id=\"foresty_popular_posts-1\" class=\"widget widget_foresty_popular_posts\"><h4 class=\"widget-headline style-01\">Posts Recentes<\/h4>\n            <ul class=\"theme-recent-post-wrap\">\n\n                            <li class=\"theme-recent-post-item\">\n                                            <div class=\"thumb\">\n                            <a href=\"https:\/\/projeto85.doi2versos.com.br\/index.php\/2023\/09\/23\/natural-sources-of-methane-there-are-also-need\/\">\n                                <img decoding=\"async\" src=\"https:\/\/projeto85.doi2versos.com.br\/wp-content\/uploads\/2023\/09\/Rectangle-489-150x150.png\" alt=\"Natural Sources Of Methane There Are Also need\">\n                            <\/a>\n                        <\/div>\n                                        <div class=\"content\">\n                        <h4 class=\"title\"><a href=\"https:\/\/projeto85.doi2versos.com.br\/index.php\/2023\/09\/23\/natural-sources-of-methane-there-are-also-need\/\">Natural Sources Of Methane There Are Also need<\/a><\/h4>\n                        <span class=\"time\">set, 23, 2023<\/span>\n                    <\/div>\n                <\/li>\n\n                    <\/ul>\n        <\/div>\t\t\t\t<\/div>\n\t\t\t\t<\/div>\n\t\t\t\t<\/div>\n\t\t\t\t\t<\/div>\n\t\t\t\t<\/div>\n\t\t<div class=\"elementor-element elementor-element-28f9f7a e-flex e-con-boxed e-con e-parent\" data-id=\"28f9f7a\" data-element_type=\"container\">\n\t\t\t\t\t<div class=\"e-con-inner\">\n\t\t\t\t\t<\/div>\n\t\t\t\t<\/div>\n\t\t\t\t<section class=\"elementor-section elementor-top-section elementor-element elementor-element-7dbc58d elementor-section-boxed elementor-section-height-default elementor-section-height-default\" data-id=\"7dbc58d\" data-element_type=\"section\" data-settings=\"{&quot;background_background&quot;:&quot;classic&quot;}\">\n\t\t\t\t\t\t<div class=\"elementor-container elementor-column-gap-default\">\n\t\t\t\t\t<div class=\"elementor-column elementor-col-100 elementor-top-column elementor-element elementor-element-3f94ccd\" data-id=\"3f94ccd\" data-element_type=\"column\">\n\t\t\t<div class=\"elementor-widget-wrap elementor-element-populated\">\n\t\t\t\t\t\t<section class=\"elementor-section elementor-inner-section elementor-element elementor-element-b0509be footer-text-white elementor-section-boxed elementor-section-height-default elementor-section-height-default\" data-id=\"b0509be\" data-element_type=\"section\" data-settings=\"{&quot;background_background&quot;:&quot;classic&quot;}\">\n\t\t\t\t\t\t<div class=\"elementor-container elementor-column-gap-default\">\n\t\t\t\t\t<div class=\"elementor-column elementor-col-25 elementor-inner-column elementor-element elementor-element-e01094d\" data-id=\"e01094d\" data-element_type=\"column\" data-settings=\"{&quot;background_background&quot;:&quot;classic&quot;}\">\n\t\t\t<div class=\"elementor-widget-wrap elementor-element-populated\">\n\t\t\t\t\t\t<div class=\"elementor-element elementor-element-8aa257b elementor-widget elementor-widget-image\" data-id=\"8aa257b\" data-element_type=\"widget\" data-widget_type=\"image.default\">\n\t\t\t\t<div class=\"elementor-widget-container\">\n\t\t\t\t\t\t\t\t\t\t\t\t\t\t\t<img decoding=\"async\" src=\"https:\/\/projeto85.doi2versos.com.br\/wp-content\/uploads\/2023\/09\/logo-light-1.svg\" title=\"logo-light\" alt=\"logo-light\" loading=\"lazy\" \/>\t\t\t\t\t\t\t\t\t\t\t\t\t\t\t<\/div>\n\t\t\t\t<\/div>\n\t\t\t\t<div class=\"elementor-element elementor-element-7585cc3 elementor-widget elementor-widget-heading\" data-id=\"7585cc3\" data-element_type=\"widget\" data-widget_type=\"heading.default\">\n\t\t\t\t<div class=\"elementor-widget-container\">\n\t\t\t\t\t<p class=\"elementor-heading-title elementor-size-default\">Desde 1917, educando gera\u00e7\u00f5es e formando l\u00edderes para um futuro melhor. Compromisso com valores escoteiros e a comunidade.<\/p>\t\t\t\t<\/div>\n\t\t\t\t<\/div>\n\t\t\t\t<div class=\"elementor-element elementor-element-c5cc567 elementor-shape-circle e-grid-align-left elementor-grid-0 elementor-widget elementor-widget-social-icons\" data-id=\"c5cc567\" data-element_type=\"widget\" data-widget_type=\"social-icons.default\">\n\t\t\t\t<div class=\"elementor-widget-container\">\n\t\t\t\t\t\t\t<div class=\"elementor-social-icons-wrapper elementor-grid\">\n\t\t\t\t\t\t\t<span class=\"elementor-grid-item\">\n\t\t\t\t\t<a class=\"elementor-icon elementor-social-icon elementor-social-icon-instagram elementor-repeater-item-0ac73b5\" href=\"https:\/\/www.instagram.com\/isemprealerta?utm_source=ig_web_button_share_sheet&#038;igsh=ZDNlZDc0MzIxNw==\" target=\"_blank\">\n\t\t\t\t\t\t<span class=\"elementor-screen-only\">Instagram<\/span>\n\t\t\t\t\t\t<svg class=\"e-font-icon-svg e-fab-instagram\" viewBox=\"0 0 448 512\" xmlns=\"http:\/\/www.w3.org\/2000\/svg\"><path d=\"M224.1 141c-63.6 0-114.9 51.3-114.9 114.9s51.3 114.9 114.9 114.9S339 319.5 339 255.9 287.7 141 224.1 141zm0 189.6c-41.1 0-74.7-33.5-74.7-74.7s33.5-74.7 74.7-74.7 74.7 33.5 74.7 74.7-33.6 74.7-74.7 74.7zm146.4-194.3c0 14.9-12 26.8-26.8 26.8-14.9 0-26.8-12-26.8-26.8s12-26.8 26.8-26.8 26.8 12 26.8 26.8zm76.1 27.2c-1.7-35.9-9.9-67.7-36.2-93.9-26.2-26.2-58-34.4-93.9-36.2-37-2.1-147.9-2.1-184.9 0-35.8 1.7-67.6 9.9-93.9 36.1s-34.4 58-36.2 93.9c-2.1 37-2.1 147.9 0 184.9 1.7 35.9 9.9 67.7 36.2 93.9s58 34.4 93.9 36.2c37 2.1 147.9 2.1 184.9 0 35.9-1.7 67.7-9.9 93.9-36.2 26.2-26.2 34.4-58 36.2-93.9 2.1-37 2.1-147.8 0-184.8zM398.8 388c-7.8 19.6-22.9 34.7-42.6 42.6-29.5 11.7-99.5 9-132.1 9s-102.7 2.6-132.1-9c-19.6-7.8-34.7-22.9-42.6-42.6-11.7-29.5-9-99.5-9-132.1s-2.6-102.7 9-132.1c7.8-19.6 22.9-34.7 42.6-42.6 29.5-11.7 99.5-9 132.1-9s102.7-2.6 132.1 9c19.6 7.8 34.7 22.9 42.6 42.6 11.7 29.5 9 99.5 9 132.1s2.7 102.7-9 132.1z\"><\/path><\/svg>\t\t\t\t\t<\/a>\n\t\t\t\t<\/span>\n\t\t\t\t\t<\/div>\n\t\t\t\t\t\t<\/div>\n\t\t\t\t<\/div>\n\t\t\t\t\t<\/div>\n\t\t<\/div>\n\t\t\t\t<div class=\"elementor-column elementor-col-25 elementor-inner-column elementor-element elementor-element-12fb174\" data-id=\"12fb174\" data-element_type=\"column\">\n\t\t\t<div class=\"elementor-widget-wrap elementor-element-populated\">\n\t\t\t\t\t\t<div class=\"elementor-element elementor-element-b25644c widget footer-widget elementor-widget elementor-widget-wp-widget-nav_menu\" data-id=\"b25644c\" data-element_type=\"widget\" data-widget_type=\"wp-widget-nav_menu.default\">\n\t\t\t\t<div class=\"elementor-widget-container\">\n\t\t\t\t\t<h5>Menu<\/h5><div class=\"menu-main-menu-container\"><ul id=\"menu-main-menu\" class=\"menu\"><li id=\"menu-item-2071\" class=\"menu-item menu-item-type-custom menu-item-object-custom menu-item-2071\"><a href=\"#\">Home<\/a><\/li>\n<li id=\"menu-item-2489\" class=\"menu-item menu-item-type-custom menu-item-object-custom menu-item-2489\"><a href=\"https:\/\/projeto85.doi2versos.com.br\/index.php\/sobre-nos\/\">Sobre N\u00f3s<\/a><\/li>\n<li id=\"menu-item-2698\" class=\"menu-item menu-item-type-post_type menu-item-object-page menu-item-2698\"><a href=\"https:\/\/projeto85.doi2versos.com.br\/index.php\/servicos-2\/\">Servi\u00e7os<\/a><\/li>\n<li id=\"menu-item-2826\" class=\"menu-item menu-item-type-post_type menu-item-object-page menu-item-2826\"><a href=\"https:\/\/projeto85.doi2versos.com.br\/index.php\/galeria\/\">Galeria<\/a><\/li>\n<li id=\"menu-item-1113\" class=\"menu-item menu-item-type-custom menu-item-object-custom menu-item-1113\"><a href=\"https:\/\/projeto85.doi2versos.com.br\/index.php\/blog-grid\/\">Blog<\/a><\/li>\n<li id=\"menu-item-2812\" class=\"menu-item menu-item-type-custom menu-item-object-custom menu-item-2812\"><a href=\"https:\/\/projeto85.doi2versos.com.br\/index.php\/pdf\/\">Espa\u00e7o Transpar\u00eancia<\/a><\/li>\n<li id=\"menu-item-1129\" class=\"menu-item menu-item-type-post_type menu-item-object-page menu-item-1129\"><a href=\"https:\/\/projeto85.doi2versos.com.br\/index.php\/contato\/\">Contato<\/a><\/li>\n<\/ul><\/div>\t\t\t\t<\/div>\n\t\t\t\t<\/div>\n\t\t\t\t\t<\/div>\n\t\t<\/div>\n\t\t\t\t<div class=\"elementor-column elementor-col-25 elementor-inner-column elementor-element elementor-element-1fb18d7\" data-id=\"1fb18d7\" data-element_type=\"column\">\n\t\t\t<div class=\"elementor-widget-wrap elementor-element-populated\">\n\t\t\t\t\t\t<div class=\"elementor-element elementor-element-b6009e3 elementor-widget elementor-widget-wp-widget-foresty_contact_info\" data-id=\"b6009e3\" data-element_type=\"widget\" data-widget_type=\"wp-widget-foresty_contact_info.default\">\n\t\t\t\t<div class=\"elementor-widget-container\">\n\t\t\t\t\t\n\t\t<div class=\"widget_foresty_contact_info\">\n\t\t\t\t\t\t\t<h4 class=\"widget-headline\">Entre em Contato!<\/h4>\n\t\t\t\n\t\t\t<ul class=\"contact_info_list pe-xl-4\">   <li class=\"single-info-item\"> <div class=\"icon\"> <i class=\"fas fa-map-marker-alt\"><\/i><\/div>  <span class=\"details\"> Rua Dr. Jo\u00e3o El\u00edsio 33A <\/span><\/li>   <li class=\"single-info-item\"> <div class=\"icon\"> <i class=\"fa fa-phone\"><\/i> <\/div> <span class=\"details\"> (81) 97101-6266 <\/span><\/li>   <li class=\"single-info-item\"> <div class=\"icon\"> <i class=\"fa fa-envelope\"><\/i><\/div>  <span class=\"details\"> isemprealerta@gmail.com <\/span><\/li><\/ul>\n\t\t<\/div>\n\t\t\t\t\t\t<\/div>\n\t\t\t\t<\/div>\n\t\t\t\t\t<\/div>\n\t\t<\/div>\n\t\t\t\t<div class=\"elementor-column elementor-col-25 elementor-inner-column elementor-element elementor-element-f07534b widget footer-widget \" data-id=\"f07534b\" data-element_type=\"column\">\n\t\t\t<div class=\"elementor-widget-wrap elementor-element-populated\">\n\t\t\t\t\t\t<div class=\"elementor-element elementor-element-a3cabdc elementor-widget elementor-widget-google_maps\" data-id=\"a3cabdc\" data-element_type=\"widget\" data-widget_type=\"google_maps.default\">\n\t\t\t\t<div class=\"elementor-widget-container\">\n\t\t\t\t\t\t\t<div class=\"elementor-custom-embed\">\n\t\t\t<iframe loading=\"lazy\"\n\t\t\t\t\tsrc=\"https:\/\/maps.google.com\/maps?q=London%20Eye%2C%20London%2C%20United%20Kingdom&#038;t=m&#038;z=10&#038;output=embed&#038;iwloc=near\"\n\t\t\t\t\ttitle=\"London Eye, London, United Kingdom\"\n\t\t\t\t\taria-label=\"London Eye, London, United Kingdom\"\n\t\t\t><\/iframe>\n\t\t<\/div>\n\t\t\t\t\t\t<\/div>\n\t\t\t\t<\/div>\n\t\t\t\t\t<\/div>\n\t\t<\/div>\n\t\t\t\t\t<\/div>\n\t\t<\/section>\n\t\t\t\t<section class=\"elementor-section elementor-inner-section elementor-element elementor-element-9130138 elementor-section-boxed elementor-section-height-default elementor-section-height-default\" data-id=\"9130138\" data-element_type=\"section\">\n\t\t\t\t\t\t<div class=\"elementor-container elementor-column-gap-default\">\n\t\t\t\t\t<div class=\"elementor-column elementor-col-100 elementor-inner-column elementor-element elementor-element-18d0863\" data-id=\"18d0863\" data-element_type=\"column\">\n\t\t\t<div class=\"elementor-widget-wrap\">\n\t\t\t\t\t\t\t<\/div>\n\t\t<\/div>\n\t\t\t\t\t<\/div>\n\t\t<\/section>\n\t\t\t\t\t<\/div>\n\t\t<\/div>\n\t\t\t\t\t<\/div>\n\t\t<\/section>\n\t\t\t\t<\/div>\n\t\t","protected":false},"excerpt":{"rendered":"<p>Educa\u00e7\u00e3o Ambiental O programa de Educa\u00e7\u00e3o Ambiental do Instituto Sempre Alerta oferece uma imers\u00e3o no universo da natureza, proporcionando experi\u00eancias pr\u00e1ticas e educativas em diversos ecossistemas. Nossas atividades incluem trilhas interpretativas em \u00e1reas de mata atl\u00e2ntica e manguezais, onde os participantes aprendem sobre a flora, a fauna e a import\u00e2ncia da conserva\u00e7\u00e3o desses ambientes. Realizamos<\/p>\n","protected":false},"author":1,"featured_media":0,"parent":0,"menu_order":0,"comment_status":"closed","ping_status":"closed","template":"","meta":{"give_campaign_id":0,"inline_featured_image":false,"footnotes":""},"class_list":["post-1335","page","type-page","status-publish","hentry"],"aioseo_notices":[],"campaignId":"","_links":{"self":[{"href":"https:\/\/projeto85.doi2versos.com.br\/index.php\/wp-json\/wp\/v2\/pages\/1335","targetHints":{"allow":["GET"]}}],"collection":[{"href":"https:\/\/projeto85.doi2versos.com.br\/index.php\/wp-json\/wp\/v2\/pages"}],"about":[{"href":"https:\/\/projeto85.doi2versos.com.br\/index.php\/wp-json\/wp\/v2\/types\/page"}],"author":[{"embeddable":true,"href":"https:\/\/projeto85.doi2versos.com.br\/index.php\/wp-json\/wp\/v2\/users\/1"}],"replies":[{"embeddable":true,"href":"https:\/\/projeto85.doi2versos.com.br\/index.php\/wp-json\/wp\/v2\/comments?post=1335"}],"version-history":[{"count":20,"href":"https:\/\/projeto85.doi2versos.com.br\/index.php\/wp-json\/wp\/v2\/pages\/1335\/revisions"}],"predecessor-version":[{"id":2811,"href":"https:\/\/projeto85.doi2versos.com.br\/index.php\/wp-json\/wp\/v2\/pages\/1335\/revisions\/2811"}],"wp:attachment":[{"href":"https:\/\/projeto85.doi2versos.com.br\/index.php\/wp-json\/wp\/v2\/media?parent=1335"}],"curies":[{"name":"wp","href":"https:\/\/api.w.org\/{rel}","templated":true}]}}